5. Give i(-3).
-11
Let u(c) = -5 - 7*c + 14 + 8*c. Calculate u(15).
24
Let c(h) = -7*h**2 + h + 10. Let m(i) = i**2 - 1. Let j(k) = c(k) + 6*m(k). Calculate j(0).
4
Let m(k) = -4*k**2 + 2. Let p = -197 + 199. Calculate m(p).
-14
Suppose t - 5 = -3. Suppose t*b + 4 = 5*x - 12, -5*b = 3*x - 22. Let c(n) be the second derivative of n**4/12 - n**3/2 + n. Calculate c(x).
4
Let z = 70 + -68. Let g(f) = -1080 - z*f + 4*f + 1078. Determine g(3).
4
Let v(f) = f**3 + 9*f**2 + 8*f + 10. Let q = -91 - -134. Suppose 0 = -5*r + t - q, 3*r = 3*t - t - 30. Calculate v(r).
10
Suppose -s + 0 = 5. Suppose -x - 6 = -l - 2*x, 4*l - 3*x - 10 = 0. Let v(z) = -2*z + 4 - 4 - l. Calculate v(s).
6
Let r be (-3 + 136/32)/(3/(-24)). Let i(s) = -s**3 - 12*s**2 - 19*s + 8. Give i(r).
-2
Let j(u) = -2*u + 9. Let s be 1/2*(-84)/(-6). Suppose 4*y = 4*d - 8, s + 1 = d - 4*y. Suppose 6 = r - d. Determine j(r).
-3
Let r(d) = 563*d - 8 - 574*d - 4*d**2 + 3*d**2. What is r(-9)?
10
Let a(d) = -d**2 + 2*d - 1. Let l(g) = -g**3 - 3*g**2 + 2*g + 1. Let y(k) = -3*a(k) - l(k). What is y(-7)?
9
Let m(j) = -j**3 - 3*j**2 + 5*j - 7. Suppose 6*c = 5*c + 4*u - 17, 0 = 5*u - 15. Give m(c).
18
Suppose 4*v - 28 = -3*v. Let q be 2/v - 14/4. Let p(s) = s + 1. Give p(q).
-2
Let u(d) be the third derivative of d**4/8 - d**3/6 - 20*d**2 + 1. Suppose 2*k + k = -9. What is u(k)?
-10
Let w be (-384)/(-39) - (-2)/13. Let y be (-75)/w*2/(-3). Let r(b) = y*b + 2*b**2 - 6*b - b**3 - b**2. Give r(2).
-6
Let l(c) = -c**2 - 3*c - 8. Let r(k) = -2*k**2 - 7*k - 15. Suppose a - 3 = m - 4*a, -9 = -2*m - 5*a. Let j(v) = m*r(v) - 5*l(v). Give j(0).
10
Suppose 482 = -13*l - 649. Let z = l - -81. Let t(v) = -v + 5*v - 3*v + 10. What is t(z)?
4
Let c(q) = 12 + 2*q + 0*q + q - 1. Give c(8).
35
Let k(s) be the first derivative of -3/2*s**2 - 9 - 4*s + 1/4*s**4 + 2/3*s**3. What is k(-3)?
-4
Let p(f) = -2*f - 21. Let w(o) = 8*o + 100. Let u(x) = -14*p(x) - 3*w(x). Determine u(2).
2
Let w(y) = 8*y**2 - y - 3. Let l(f) = 15*f**2 - 3*f - 6. Let n(q) = 6*l(q) - 11*w(q). Let g(i) = -i**2 + 3*i + 2. Let h(a) = -5*g(a) - 3*n(a). Calculate h(6).
-1
Let o(r) = -r**2 - 1. Let w(u) = 8 - 12 + 0 + 7 + 4*u**2. Let d(g) = 5*o(g) + w(g). What is d(3)?
-11
Suppose -134*t + 116*t - 108 = 0. Let f(l) = -2*l**2 - 3*l - 1. Calculate f(t).
-55
Let c(s) = 4*s + 13. Let l(g) = 2*g + 3*g - 6*g - 1 - 2. Let j(a) = 4*c(a) + 18*l(a). Calculate j(-5).
8
Let f(t) be the second derivative of -t**3/6 - t**2 + 2*t. Suppose -11 = 3*w - 2. Let x = w - 2. Determine f(x).
3
Let o(k) be the third derivative of 20*k**2 + 1/120*k**6 + 7/60*k**5 + 0 + 0*k + k**3 + 1/4*k**4. Give o(-6).
6
Let b(k) = -12*k**3 + 2*k**2 - 1. Let l = -304 + 305. Give b(l).
-11
Let z(k) = -86*k**3 - 83*k**3 + 15*k - 91*k**3 + 354*k**3 - 15*k**2 - 11 - 93*k**3. Determine z(14).
3
Let o be (-4)/1*(6 + (-65)/20). Let f(m) = -m**3 - 11*m**2 + 2*m + 2. Determine f(o).
-20
Let t(h) = -h**3 - 8*h**2 - 8*h - 4. Let d = 114 - 107. Suppose -d = 8*k - 7*k. Give t(k).
3
Let l = -9 - -20. Suppose w = -2*t + l, -2*w - 5 = -3*t + 1. Let d(m) = t*m - 3*m**2 + 5 + 4*m**2 - 7. Determine d(-3).
-5
Let v(s) be the first derivative of s**5/4 + s**4/12 - s**3/3 + s**2/2 + 12*s - 25. Let y(g) be the first derivative of v(g). Calculate y(1).
5
Let t(d) = 192 - 198 + 2*d - d. What is t(3)?
-3
Suppose 5*g = 42 - 12. Let z(i) be the first derivative of -3*i**2/2 + 5*i + 10. Determine z(g).
-13
Let d(q) = -8*q. Let a(l) = 7*l + 1. Let y(h) = 7*a(h) + 6*d(h). Determine y(-9).
-2
Let z(g) = 5 - 142*g + 2*g**2 + 4*g**3 + 3*g**2 - 3*g**3 + 146*g. Calculate z(-4).
5
Let h(c) = -c**2 + c + 2. Let t be h(-4). Let p be ((-42)/t)/(1/3). Let g(q) = -6 + p*q**2 + q**3 + 2*q + 5*q - 3*q. Determine g(-6).
6
Let a(w) = -w - 7. Let s(k) = -k - 4. Let n(i) = -6*a(i) + 11*s(i). Let j = -7 + 1. Let c(b) = -6*b - 2. Let f(r) = j*c(r) + 7*n(r). Give f(4).
2
Let u(w) = -w - 3. Suppose 3 = -i - 3*c + 2, -4*c = 0. Let z be -1 - (0 + i + -2). Suppose -z*n - 1 = -2*v - 7, 0 = 2*n + 2. Determine u(v).
1
Suppose 0 = -2*p + 38 - 18. Let s(g) = -g**2 + 11*g + 5. Calculate s(p).
15
Let j(a) = -a**2 - 3*a + 26. Let k be j(0). Let r = k + -15. Suppose 0 = -r*v + 3*v - 8. Let s(o) = 3*o - 1. Determine s(v).
-4
Suppose 6*v + 168 = 144. Let y be (-4 + 4)/(-3 + 1). Let t(d) = y - 2 - 2 + d**2 + 4*d. Determine t(v).
-4
Let u(t) = 3*t - 7. Let g(i) = 12*i - 29. Let w(s) = 2*g(s) - 9*u(s). Give w(-5).
20
Suppose 15 = 5*q, -2*y - 7*q + 2 = -3*q. Let z = 7 + 2. Let d(l) = -l + 6 - z*l**2 - l - l + 8*l**2. What is d(y)?
-4
Let m(i) = 3*i - 1. Let p(b) = 4*b - 1. Let w be p(1). Let z(d) = -d**2 + 7*d - 2. Let y be z(7). Let f = w + y. Calculate m(f).
2
Let l(y) = y + 11. Suppose 0 = 2*u - 3*d - 5, 3*u = -2*u - 5*d. Let c be (-1)/u*(1 - 1). Calculate l(c).
11
Let m(t) = 4 + 641*t + 8 - 639*t. Determine m(-7).
-2
Let h(n) = -5*n - 12. Let q be h(-11). Suppose 2*m = -55 + q. Let k(w) = w**3 + 5*w**2 - 6*w + 4. Give k(m).
4
Let b be 3/(-1) + (-4 - -2). Let h(k) = 25 - 50 + 22 + 2*k - 4*k. Calculate h(b).
7
Let d(n) = 25*n + 4. Let o(b) = -54*b - 7. Let h(i) = -9*d(i) - 4*o(i). What is h(-6)?
46
Let f be 4*-1 + -7 + 7. Let o be 1 - (-1 - (f - -7)). Let q(h) = h - 5. What is q(o)?
0
Let v be 5 + 0 + (-208)/26. Let r(z) = -z**2 + 3*z + 1. Determine r(v).
-17
Let p(r) = -4*r - 3. Let i(g) = -3*g - 4. Let j(u) = 2*i(u) - 3*p(u). Let a(b) = -b**2 + 8*b + 4. Let o be a(8). Let q be o/24 - (-14)/(-12). Calculate j(q).
-5
Suppose 23 - 26 = -u. Suppose 0 = -2*c - c - u. Let j(r) = -10*r**3 - r. Give j(c).
11
Let t be -25 - (-4)/16*0. Let f = t - -17. Let n(q) = q**2 + 8*q + 1. Determine n(f).
1
Let v(u) be the first derivative of -u**4/4 + 3*u**3 - u**2 + 9*u - 27. Let b = -15 + 24. What is v(b)?
-9
Let s(c) = -c**3 + 7*c**2 - 5*c + 5. Let q(i) = i - 8. Let z be q(10). Let g be 23/7 - z/7. Suppose 3*a + 2*k = -g*k + 8, -k + 22 = 4*a. Calculate s(a).
11
Let w(x) be the first derivative of 2*x**3 - 12 + 0*x**2 - 2*x + 1/4*x**4. Let k(d) = 3*d + 3. Let y be k(-3). What is w(y)?
-2
Let v(t) = -t. Let k be v(4). Let c(g) = g**2 + 4*g + 3. Let q be c(k). Let s(b) = 5 + 0 + 5 + 3*b - 8. Calculate s(q).
11
Let r(z) = 2*z - 14. Let h be r(8). Let t = 0 + h. Let y(b) = 12*b**t + 2 - 19*b**2 - 1 - b - b. What is y(1)?
-8
Suppose -33 = -p - 0*p. Let u = -28 + p. Let r(i) = -i. What is r(u)?
-5
Let m(u) = -u**2 - u - 2. Let v(p) = -p**3 - 13*p**2 - 2*p - 26. Let c be v(-13). Let t be m(c). Let y(x) = -3*x**3 - 4*x**2 - 2*x. Calculate y(t).
12
Let k(o) = o**2 + 8*o + 4. Let r be (0 - (4 + -4))/(1*-2). Suppose 18*s - 13*s + 30 = r. Calculate k(s).
-8
Let p(n) = -n**3 + 5*n**2 + 8*n - 3. Let h be 25 - (10 - 2)/(-2). Let z = h - 32. Let i be 7 + (-3)/(-9)*z. Give p(i).
9
Let c(g) = 2*g + 2. Let i be c(1). Suppose -2*j - 2*j = -i. Let b be (-5 + 5)*j/(-2). Let d(t) = -t**2 + t - 3. Calculate d(b).
-3
Let v(z) = z + 16. Let y(t) = 20*t + 79. Let b be y(-5). Determine v(b).
-5
Let d(o) = 5*o**2 + 1. Let t(w) be the second derivative of -w**4/12 - w**3/6 + 5*w**2/2 + 11*w. Let j be t(-3). What is d(j)?
6
Let u(v) = 3*v - 2. Let s(t) = -10*t + 6. Let d(k) = 4*s(k) + 14*u(k). Let w be (-3)/6*(0 - 0). Suppose -3*f + w*f + 22 = 2*y, -2*f = 4*y - 28. Give d(y).
6
Let r(j) be the second derivative of 4*j**3/3 - j**2 + 22*j + 3. Determine r(2).
14
Let x be 11/(-2) + (-7)/14. Let z(n) = -n**3 - 5*n**2 + 5*n - 3. Determine z(x).
3
Let m = -161 - -166. Let j(r) = -5*r**2 + 4*r + 3. Let d(c) = 4*c**2 - 4*c - 4. Let z(b) = -4*d(b) - 3*j(b). Give z(m).
2
Let v = -1 - -2. Let o(q) = v + q**2 + 2 + 6*q - 6. Suppose 1614*c - 1611*c = -5*k - 24, c + 16 = -3*k. Determine o(k).
-3
Let j(a) = -a**3 + 4*a**2 - 2*a + 6. Let g(r) = r**3 - 3*r**2 - r - 8. Let p be g(4). Give j(p).
-2
Suppose -24 = j + 3*j. Let y(l) = 2 - l**2 + 6 - 7*l - 10. Determine y(j).
4
Let y(m) = -m**3 + 7*m**2 - 9*m + 1. Let t = -42 - -48. What is y(t)?
-17
Let o(t) = t**2 - 5*t - 2. Let n(h) = h**3 - 9*h**2 + 20*h - 8. Let a be n(6). Determine o(a).
-6
Suppose -2*t - 40 = -3*s, -3*s - 2*t + 72 = s. Let g(r) = 3*r**2 + 5*r - r - 5*r - s*r**2. Determine g(-1).
-12
Suppose 0 = s + 3*s + 3*h + 143, -2*s - 79 = 3*h. Let l = -30 - s. Let x(p) = -3*p + 3. Determine x(l).
-3
Suppose 10*k - 1 = -21. Let t(w) = -3*w**2 - 4*w - 2. Give t(k).
